et i = -777 - -809. What are the prime factors of (-36)/i*-4*30?
3, 5
Let q = -47 + 49. Suppose -2*w - 4 = -4*w + q*k, -20 = -5*w - 5*k. Suppose w*s = 101 - 23. List the prime factors of s.
2, 13
Let l(g) = 13*g**2 + 3*g + 6. Let z(u) = 14*u**2 - 5*u + 10*u + 5 - 3*u. Let h(m) = -4*l(m) + 5*z(m). List the prime factors of h(1).
17
List the prime factors of (-4)/1 + (6479 - 18).
11, 587
Let c(m) = 12*m + 293. Let w be c(-23). Suppose -622 = w*s - 18*s. List the prime factors of s.
2, 311
Suppose 61 = -4*n - 479. Let a = n + 215. What are the prime factors of a?
2, 5
Let x(v) = v**3 - 12*v**2 - 136*v + 29. What are the prime factors of x(29)?
2, 29, 179
Let o = -147 - -255. Suppose 1332 = 5*p - o. List the prime factors of p.
2, 3
Let y = 55 - 53. Suppose -3*q + 4*l + 371 = -0*l, -q + y*l = -125. What are the prime factors of q?
11
Let q = 12778 + -12774. Suppose -2*k - 30 = 5*p - 11, 0 = -2*k + p + 11. Suppose q*x - 107 - 14 = -k*t, 4*x - 125 = t. What are the prime factors of x?
31
Suppose 38 = 5*g - 127. Let m be ((-25)/10)/((-1)/14). Suppose m*t - 148 = g*t. List the prime factors of t.
2, 37
What are the prime factors of ((-112)/49)/(2/(-5348))?
2, 191
Suppose -23184 = -22*s + 18*s - 3*x, 3*s - 17422 = 2*x. What are the prime factors of s?
2, 3, 967
Suppose -41*a + 29326 + 29486 = 17*a. What are the prime factors of a?
2, 3, 13
Let i(l) = -2*l + 4. Suppose -4*t + 49 = -2*s - s, 3*t - s = 38. Let f be i(t). What are the prime factors of ((-4 - -5)*-22)/(4/f)?
11
Let r = -132 - -336. Suppose 3*u - r = 84. Suppose 4*n - 1200 + u = 0. What are the prime factors of n?
2, 3, 23
Let z = -88 - -99. Suppose z*s - 109 = 298. List the prime factors of s.
37
Let z be (16/10)/(11/55). Suppose z*s - 2259 = 829. Suppose -5*o + s = -3*g, -149 = -2*o + 2*g + g. What are the prime factors of o?
79
Let p(k) = k**3 + 9*k**2 - 9*k + 10. Let m be p(-10). Suppose 3*q - 272 = -0*y - 5*y, q = 4*y + 68. Suppose m = w - 4*w + q. What are the prime factors of w?
2, 7
Let j = -5093 - -10186. List the prime factors of j.
11, 463
Let n be -10*(1/3)/((-4)/6). Suppose -2*s - 11 = n*b, 2*s + 31 = -0*b - b. List the prime factors of (s/45)/((-3)/(-2880)*-2).
2, 3
Suppose 151*c = 195*c - 665852. List the prime factors of c.
37, 409
Let x(i) = 20472*i**2 + 1781*i + 1780. List the prime factors of x(-1).
11, 1861
Suppose s + 3458 = t - 4259, 0 = -3*t - s + 23163. What are the prime factors of t?
2, 5, 193
Suppose -i + 22 = -5*q, 5*q = 2*i - 15 - 4. Let k(w) = 2*w + 12. Let c be k(q). Suppose 12*d - 810 = c*d. What are the prime factors of d?
3
Suppose a = -3*q + 35053, -2*a + 568 = 566. List the prime factors of q.
2, 23, 127
Let d = -109 + -84. Let a = d - -1113. What are the prime factors of a?
2, 5, 23
Let f(w) = 38*w**2 - 12*w + 2. Let g be f(-4). Let o = g - -149. What are the prime factors of o?
3, 269
Suppose 23*w + 2016 = 35*w. Suppose -5*n + 3*t - 496 = 0, 6*n + 484 = n - 3*t. Let s = w + n. What are the prime factors of s?
2, 5, 7
Let o be -3 + 44 + -1 + 2. Suppose 6*a - o = -a. Suppose -a*c = -9*c + 96. List the prime factors of c.
2
Let n = -104 - -48. List the prime factors of n/12*441/(-6).
7
Suppose -4*p + u + 13196 = 0, 7*p + 99*u - 100*u = 23090. What are the prime factors of p?
2, 17, 97
Let u(z) = -z**2 - 3*z + 79. Let a be u(-10). Let y(n) = 2*n**3 - 10*n**2 + 6. List the prime factors of y(a).
2, 3, 109
Let y = 50 + -45. Suppose 0*o + 15 = -y*o - 5*g, -5*g = 15. Suppose 0*v = v - 3*x - 96, o = -4*v + 2*x + 374. List the prime factors of v.
3, 31
Let u(w) = w**2 + 10*w + 19. Suppose 240 = 2*x + 2*y, 2*x + 3*y - 2*y = 240. Suppose x = -8*n + 32. What are the prime factors of u(n)?
2, 3, 5
Let p be 307 + (-2 - 2)*-1. Suppose -4*z - 3*u = -2*z - 200, -3*z + u + p = 0. What are the prime factors of -4*3/6 + z?
101
Suppose 16*c = 15*c - 18*c + 120992. What are the prime factors of c?
2, 199
Let o = 254 - 215. Suppose 111 = 15*i - o. What are the prime factors of i?
2, 5
Let d(u) = -7*u + 119. Let j be d(17). Suppose 14*v - 9380 - 2856 = j. List the prime factors of v.
2, 19, 23
Let q = -67 + 90. Let l = q - -397. Let a = 657 - l. List the prime factors of a.
3, 79
Suppose 0 + 3 = f, 2*f - 1286 = -5*u. Let o = u + 282. What are the prime factors of o?
2, 269
Let z(c) = c**3 - 12*c**2 - c - 29. Suppose 3 = -9*o + 111. Let a be z(o). Let v = a + 106. List the prime factors of v.
5, 13
Let x(y) = y + 18*y + 6*y**2 + y**2 + 12 - 3*y**2. What are the prime factors of x(-10)?
2, 3, 37
Let i be (4/(-6))/((-4)/6)*67. Let s = i - -26. Suppose 38*z - s = 35*z. List the prime factors of z.
31
Let c be (-8)/6*99/22. Let s = 53 - c. Let r = s + -31. List the prime factors of r.
2, 7
Let k(n) = -1639*n - 2295. List the prime factors of k(-12).
3, 5791
List the prime factors of (-23608)/(-2270)*6910/8.
13, 691
Suppose 4*g - 4*b + 3*b = -75, -g + 2*b - 10 = 0. What are the prime factors of (-300)/28*g*70/10?
2, 3, 5
Let w be ((-59)/2)/(7/(-14)). Let a be -40*(-1*1 - 287/35). Suppose a = 3*z + w. List the prime factors of z.
103
Suppose 0 = 8*m - 31 + 7. Suppose 0 = r - m, -r + 17 = 2*z + 6. Suppose -4*s + 195 = z*w - 9, 5*w = -3*s + 257. What are the prime factors of w?
2, 13
Let a(j) = 15*j**3 + 3*j**2 + 4*j - 4. Suppose 169 + 150 = -11*m. Let i = m - -31. What are the prime factors of a(i)?
2, 17
Let y be 14/(-18) - ((-2)/(-9) - 0). Let t be (-1 - (-6)/(-3))*1/y. Suppose w - t*w = -150. What are the prime factors of w?
3, 5
Let q = 12 + 100. Let p = q - -419. List the prime factors of p.
3, 59
Let s = 6 + -74. Suppose -2*o - 79 = 173. Let i = s - o. List the prime factors of i.
2, 29
Let i be -4 + (-1 + -3 - -263). Suppose 0 = 3*f + 2*f + i. What are the prime factors of (-1)/(-3) + (-3298)/f?
5, 13
Let g = -9963 + 47071. List the prime factors of g.
2, 9277
Let q = 822 - 438. Let y = 10 + -8. Suppose d - q = -5*a - 120, 3*d = -y*a + 116. List the prime factors of a.
2, 13
Let x(p) = -5*p**3 - 30*p**2 + 13*p - 110. List the prime factors of x(-14).
2, 3, 17, 37
Suppose -3*k = -9*k + 78. Let n(v) = 4*v**2 - 15*v + 52. What are the prime factors of n(k)?
13, 41
Let m = 119 + 45. Suppose 17*u + m = 18*u. List the prime factors of u.
2, 41
Suppose 0 = -5*d - w + 127672, 280*d + 2*w = 276*d + 102140. List the prime factors of d.
2, 17, 751
Suppose 1646 = 3*u - 781. Suppose 2*a - u - 725 = 0. List the prime factors of a.
13, 59
Let a(t) = -t - 5. Let b be 1 + 3 + 5 + -22. Let d be a(b). Suppose d*q = 11*q - 195. What are the prime factors of q?
5, 13
Let k = -589 - -563. What are the prime factors of 776 - (10/(-25) - k/(-10))?
19, 41
Suppose 5*c - 27 = 18. Let j = -62 - -64. Suppose 605 = j*g + c*g. What are the prime factors of g?
5, 11
Let v = 2694 - -1290. Let w = -2471 + v. What are the prime factors of w?
17, 89
Suppose 351064 + 33544 = 202*r. What are the prime factors of r?
2, 7, 17
Let p(y) = 13*y**3 - 12*y**2 - y + 20. List the prime factors of p(7).
2, 971
Let f(i) = 269*i**3 + 7*i**2 - 31*i + 75. List the prime factors of f(4).
37, 467
What are the prime factors of ((561/(-6))/11 + 8)*-2762?
1381
Let k be (-4)/12*((-20)/5 - 5). Suppose 3 = 3*l + 9, -922 = -4*r + k*l. What are the prime factors of r?
229
Suppose -3*v = -0*v + 2*c - 17, -4*v - 5*c + 32 = 0. List the prime factors of (v/6)/(14/3836).
137
Suppose 182889 = 3409*p - 3400*p. What are the prime factors of p?
7, 2903
Let r(x) be the third derivative of 13*x**4/24 - 19*x**3/6 + 3*x**2. Suppose y - 31 = -4*g, -4*g - 161*y = -157*y - 28. What are the prime factors of r(g)?
5, 17
Suppose -s = 5*n + 33, 5*s = -2*n - 12 - 38. List the prime factors of (2/s)/(((-95)/1420)/19).
71
Let f(w) = -3*w**2 - 75*w + 216. Let t be f(-27). Suppose 0*p + p - 310 = -4*n, -3*n + 240 = -3*p. Let z = n - t. What are the prime factors of z?
2, 3
Suppose 5*p = -6*p + 55. Suppose -p*g + 7 = -298. List the prime factors of g.
61
What are the prime factors of (-468)/(-24)*(-868)/(-6)?
7, 13, 31
Let q(m) = 9697*m + 83. What are the prime factors of q(2)?
19477
Let s(f) = 9*f**2 - 30*f - 37. Let o be s(15). Suppose 4*x = -12, -3*t + x + o = 2*t. List the prime factors of t.
307
Suppose 38 = -5*q + 2*b + 9, -62 = 8*q + 2*b. Let o(k) = -3*k**3 + 9*k**2 + 19*k - 5. List the prime factors of o(q).
2, 3, 37
Let s be 204/(3/((-12)/(-4))). Suppo